de t?
True
Does 36 divide ((-100)/150)/((-2)/7809)?
False
Let z(x) = -2*x**2 - 15*x - 9. Let w be z(-6). Let h be w*(140/12 + 2). Suppose h = 5*y - 4*y. Is 43 a factor of y?
False
Suppose -v + 5*i = -387, 5*i + 2 + 3 = 0. Suppose v = 2*f - 2*w, 3 = -w - 1. Is f a multiple of 19?
False
Let j be 4 - 3 - 0 - -1. Suppose 0 = -j*i - 2*i - 4*z + 204, z = i - 45. Is i a multiple of 8?
True
Let z = 1262 + -818. Is z a multiple of 37?
True
Let m be (28/20)/((-1)/(-5)). Suppose 501 + 59 = m*u. Is 20 a factor of u?
True
Suppose 0 = -5*s - 19 + 34, 4*d - 10240 = 4*s. Is d a multiple of 8?
False
Let c(l) = 2*l - 28. Let k be c(0). Suppose -2*v = 4 - 96. Let q = k + v. Does 6 divide q?
True
Let j = -75 + 50. Let w be (-3770)/j - (-4)/(-5). Suppose 4*x = -2*i + w, -2*x = 2*x - 4*i - 180. Does 20 divide x?
True
Suppose -6*h - h + 126 = 0. Is 2 a factor of (-80)/(-6) - (-3 + 42/h)?
True
Let g = 93 - 75. Is g a multiple of 2?
True
Suppose -11 = 6*j + 109. Let q(u) = -4*u - 65. Does 4 divide q(j)?
False
Let g(c) = 3*c**3 + 4*c**2 - 6*c + 13. Let n be g(4). Let t = 344 - n. Does 10 divide t?
False
Let b = 3717 - 2627. Does 15 divide b?
False
Let y be (-5)/2*2*(-2)/5. Suppose -y*h = 5*p - 17 - 36, -32 = -3*h + 2*p. Does 3 divide h?
False
Let x(p) = -30*p**3 - 3*p**2 - 11*p - 16. Is 13 a factor of x(-2)?
True
Let b be 26/10 - 24/(-60). Suppose 0 = 2*n + n - b*u - 90, -n + 60 = 5*u. Does 4 divide n?
False
Let s(a) be the first derivative of 125*a**3/3 + a**2/2 + 2*a - 24. Does 42 divide s(-1)?
True
Suppose 2*a = 3*a - 47. Let x = -28 + a. Is 19 a factor of x?
True
Let s(k) = -1. Let w(y) = -10*y - 10. Let i(t) = -2*s(t) + w(t). Is i(-4) a multiple of 8?
True
Let t = 22 + -20. Does 12 divide (-3)/6 - (-163)/t?
False
Suppose 1207 = 30*x - 1493. Is x a multiple of 9?
True
Let g be (-3)/(1 + (-4)/(72/21)). Let h = g - -46. Is h a multiple of 32?
True
Suppose 0 = 3*p + 26 - 8. Let i(o) = -1. Let q(u) = 3*u + 15. Let b(n) = -30*i(n) - 2*q(n). Is 18 a factor of b(p)?
True
Is (246*(-8)/(-36))/((-28)/(-63)) a multiple of 6?
False
Suppose v - 826 = -n, 5*n + 3*v - 871 = 3265. Is n a multiple of 37?
False
Let b(v) = 2*v - 7. Let o be b(6). Suppose 5*c - 110 = -2*k, 2*k + o = -5. Is 12 a factor of c?
True
Let l(k) = 6*k**2 + 13*k - 61. Is l(5) a multiple of 14?
True
Let j = -757 + 51. Is 10 a factor of j/(-6) + 0 + (-1)/(-3)?
False
Let w = 641 - -64. Is w a multiple of 47?
True
Let g be (-14)/4*((-276)/(-7))/(-3). Let d = -10 + g. Does 6 divide d?
True
Let l = -18 + 28. Suppose -l*t = -12*t + 56. Does 14 divide t?
True
Let a = -256 - -136. Let n be a/(-20) + 0/(-2). Is 10/(-30) + 404/n a multiple of 19?
False
Let b = 2788 + 3017. Is b a multiple of 45?
True
Let o(x) = x**2 + 8*x + 16. Let k be o(-8). Let j(l) = 17*l - 56. Does 29 divide j(k)?
False
Let m(l) = -l + 21. Let s be m(8). Suppose -3*z = -59 - s. Is z a multiple of 8?
True
Let t(v) = v**2 + 5*v + 782. Is t(0) a multiple of 17?
True
Let m(t) = -183*t - 2. Let o be m(-1). Suppose 592 = 3*k + o. Is k a multiple of 19?
False
Let p be 126/28*(-8)/(-18). Suppose -p*m - 750 = -7*m. Does 25 divide m?
True
Suppose 0 = 4*o + 4*m - 2*m - 12, o - 3 = m. Suppose 4*u - 1785 = -u. Suppose o*j + l = u, -4*j + 2*l = 6*l - 468. Is j a multiple of 24?
True
Suppose -20*b + 3*z = -15*b - 4501, -15 = -5*z. Is 22 a factor of b?
True
Let t(q) = -68*q**3 - 2*q**2 + 1. Let k = 21 + -18. Let f be (k - 5)*3/6. Is t(f) a multiple of 23?
False
Let h(f) = 3*f**2 - 10*f + 2. Let u(p) = p**2 - 3*p + 1. Let v(o) = -3*h(o) + 8*u(o). Let w be v(5). Is 34 a factor of (-2)/w - (-480)/14?
True
Suppose -282896 = -58*o - 76010. Is 123 a factor of o?
True
Let u = 1904 + -1337. Does 27 divide u?
True
Suppose -4*s - 2*g + 128 = 0, -s + g = -4*g - 21. Suppose i - 2 - 1 = 0. Suppose 5*l = i*j + s + 39, 3*j - 100 = -5*l. Does 9 divide l?
False
Let h = 2 - 0. Let y(a) = -35*a - 453. Let i be y(-13). Suppose h*b = l - 3*b - 30, i*l - 76 = 2*b. Is l a multiple of 12?
False
Suppose r = -b + 5, 5*b - 9 = -r - 0. Does 19 divide 37/b - (-2 + 1)?
True
Let h be 32/(-72)*9/(-2). Suppose -h*r + 8 = w - 3, w - 5 = 4*r. Is 3 a factor of w?
True
Suppose 3570 = 6*q + 11*q. Is 6 a factor of q?
True
Suppose -5*b + 1931 - 731 = 0. Suppose 11 - 1 = 2*v. Suppose -b = v*j - 10*j. Is 12 a factor of j?
True
Suppose -r + 2 = -y, -r = y + 7 + 5. Let z = y + 12. Let w = 7 + z. Is 6 a factor of w?
True
Let a(c) = c**3 - 9*c**2 - 11*c - 6. Let m be a(11). Suppose -q + m - 39 = 0. Is 19 a factor of q?
True
Let v be (3*87/27)/(2/36). Let y = -90 + v. Is y a multiple of 15?
False
Let x be 28/(-12) + 2/(-3). Let y(t) = -4*t**3 + 3*t**2 + t + 1. Let l be y(x). Suppose 0 = -4*w + l + 51. Does 15 divide w?
False
Suppose -5*f - p - 22 = p, -f + 3*p = 18. Does 8 divide ((-9)/f)/((-6)/(-64))?
True
Suppose -3*h - 5*a - 65 = 0, -a = 4*h + 4*a + 80. Let g be -115*(21/h - -1). Suppose 5*z - 236 + g = 0. Is 19 a factor of z?
True
Suppose 0 = -7*i + 6*i + 123. Suppose 4 = u - 3*u. Is 10 a factor of i/6 + 1/u?
True
Is -1 + (-4446)/(-14) + 4/(-7) a multiple of 14?
False
Suppose 7*f + 364 = 1001. Does 4 divide f?
False
Is (15/(-2))/(70/(-2240)) a multiple of 2?
True
Let c(y) = y - 4. Let a be c(10). Let z be 12/(-8) + 27/a. Suppose -3 + 57 = z*r. Is 10 a factor of r?
False
Suppose -21*j = 2*j - 18952. Does 83 divide j?
False
Let d be (-2 - -1)*1*-31. Suppose 0*u + 4*u = 3*z - d, 0 = -4*u + 5*z - 25. Let h = u + 17. Is h a multiple of 2?
False
Suppose 0 = -3*r - 3*f + 12, 0 = 5*r + 2*f - 7 - 16. Suppose -2*q = 3*l + 101, 5*l + 20 + 91 = -2*q. Is 6 a factor of (q + -7)*(-2)/r?
False
Suppose 4*m = -m + 80. Suppose m = 3*f - 20. Does 5 divide 20*7/(56/f)?
True
Let n = -6 + 39. Let m = 123 - n. Is m a multiple of 15?
True
Let m = 84 + -66. Suppose 170 = 3*a - 8*a. Let n = m - a. Is 13 a factor of n?
True
Let l(k) be the third derivative of -k**6/120 + k**5/30 + k**4/8 + k**3/6 + 2*k**2. Suppose 0*c + 9*c + 27 = 0. Does 22 divide l(c)?
False
Suppose 5*z = -7*k + 2*k + 615, k + 3 = 0. Suppose 2*d = s - z, -3*s + 342 = d + 2*d. Does 16 divide s?
False
Suppose -23*g = -24*g + 1083. Is 55 a factor of g?
False
Let q = 2 - -146. Suppose -3*l - 131 = 3*m + 196, 4*m = -5*l - 541. Let a = l + q. Is 28 a factor of a?
False
Suppose 3*n = -2*f + 535, -31*f = -35*f - 4*n + 1080. Does 8 divide f?
False
Let o = 16 + 17. Let c = 136 - o. Does 16 divide c?
False
Let t = -424 + 548. Is t a multiple of 2?
True
Let h(m) = m**2 + m + 12. Is h(12) a multiple of 8?
True
Let o = 27 - 21. Let u(p) = p**2 - 6*p + 6. Let x be u(o). Suppose -x = -3*h, -2*h - 101 = -5*n - 0*n. Is 21 a factor of n?
True
Suppose 2*s - 928 = -5*a, 0 = a - 6*a + s + 916. Suppose a = 3*g - 164. Is 13 a factor of g?
False
Let b = -18 + 22. Suppose 9*a = b*a + 5. Does 4 divide 9 + -11 - (a - 11)?
True
Let y = -16 + 41. Suppose -2*l - y = 3*b, -3*l + b - 28 = 26. Let n = l + 32. Does 4 divide n?
False
Let a(r) = 28*r**2 - 2*r + 1. Let y(q) = -q**3 - 5*q**2 + 7*q + 4. Let u be y(-6). Let b be a(u). Suppose 2*j = 5*j - b. Is j a multiple of 5?
False
Let n be (-342)/(-4) - (-12)/8. Suppose 0 = 4*w + c - 139 + 12, 2*c = 3*w - n. Is w a multiple of 7?
False
Suppose -2*i - 5*x + 937 + 1259 = 0, -5*x + 1088 = i. Is 14 a factor of i?
False
Let x(q) = 7*q**2 - 11*q - 52. Is 63 a factor of x(-12)?
False
Is 3 a factor of ((-84)/5)/((-24)/60)?
True
Let u = 122 + 238. Does 10 divide u?
True
Suppose -9632 = -22*r + 45962. Does 49 divide r?
False
Suppose -7*p = -6*p - 7. Let q = p - 1. Does 4 divide q?
False
Suppose -3*t + 3*c + 11 = 2*c, 3*t = 5*c + 7. Suppose 3*v + t*z - 596 = 0, 0*v = 5*v + 5*z - 990. Is v a multiple of 14?
True
Suppose 2*c + 6 = 4*c. Suppose c*x - 7 = 5, -48 = -3*l - 3*x. Does 11 divide l?
False
Let b = 8 + 68. Suppose g + b = 2*g. Does 19 divide g?
True
Let q be 26/10 - 2/(-5). Suppose -4*y - 5 = -m, 8 + 3 = -q*m - y. Does 15 divide (-1)/2*-38 - m?
False
Let p(s) = 18 - 26*s + 18 + 15*s**3 - 17*s**3 + 19*s**2 + s**3. Does 23 divide p(17)?
False
Does 17 divide (-250)/3250 + 157354/26?
True
Let v = -464 + 475. Does 10 divide v?
False
Let n = -4 + 2. Let m be n + (-3)/(-3) - -5. Suppose 5*p - 5*x = 350, m*p - 3*x = -0*p + 276. Does 20 divide p?
False
Let n = -208 + 129. Is 12 a factor of n/((-8)/4 + 1)?
False
Suppose 0*k - 2*k = -96. Suppose 2*p = p + 16. Let 